at is the remainder when 597818 is divided by 57?
2
What is the remainder when 8100258 is divided by 1012527?
42
What is the remainder when 1213211 is divided by 2215?
1606
What is the remainder when 577997 is divided by 577985?
12
Calculate the remainder when 6106773 is divided by 746.
17
Calculate the remainder when 1360430 is divided by 11718.
1142
Calculate the remainder when 13539 is divided by 4181.
996
Calculate the remainder when 421433 is divided by 448.
313
Calculate the remainder when 1176703 is divided by 1286.
13
Calculate the remainder when 1804676 is divided by 1790.
356
Calculate the remainder when 6346 is divided by 1248.
106
What is the remainder when 21724598 is divided by 190?
188
What is the remainder when 74665006 is divided by 57127?
17
Calculate the remainder when 48707290 is divided by 764.
762
What is the remainder when 15775685 is divided by 6?
5
Calculate the remainder when 16505508 is divided by 154257.
9
Calculate the remainder when 664231433 is divided by 242.
239
Calculate the remainder when 55626095 is divided by 31.
5
What is the remainder when 6355760 is divided by 37168?
32
What is the remainder when 16835274 is divided by 1052196?
138
Calculate the remainder when 43737 is divided by 9708.
4905
What is the remainder when 19492924 is divided by 5240?
124
What is the remainder when 1130610597 is divided by 420?
417
Calculate the remainder when 367227 is divided by 52461.
0
What is the remainder when 394484 is divided by 15776?
84
Calculate the remainder when 5433617 is divided by 78748.
5
What is the remainder when 2292449 is divided by 436?
397
What is the remainder when 63684 is divided by 1805?
509
Calculate the remainder when 1960956 is divided by 980396.
164
What is the remainder when 198936 is divided by 104?
88
What is the remainder when 3091759 is divided by 330?
319
Calculate the remainder when 26145474 is divided by 603.
600
What is the remainder when 3576081 is divided by 76084?
133
Calculate the remainder when 4963263 is divided by 1009.
1001
Calculate the remainder when 839309 is divided by 6401.
778
What is the remainder when 124716082 is divided by 1133?
1107
What is the remainder when 22148516 is divided by 406?
404
What is the remainder when 914079 is divided by 457021?
37
Calculate the remainder when 1230778 is divided by 126.
10
Calculate the remainder when 564704622 is divided by 19.
17
Calculate the remainder when 3120786 is divided by 209.
207
What is the remainder when 631687 is divided by 63?
49
Calculate the remainder when 1714643 is divided by 2726.
2715
What is the remainder when 618037 is divided by 446?
327
What is the remainder when 82996 is divided by 94?
88
Calculate the remainder when 40718565 is divided by 203.
13
What is the remainder when 126299755 is divided by 46?
39
Calculate the remainder when 50879 is divided by 63.
38
What is the remainder when 417744 is divided by 362?
358
Calculate the remainder when 1346004 is divided by 672226.
1552
Calculate the remainder when 13205072 is divided by 50401.
10
Calculate the remainder when 8310 is divided by 477.
201
What is the remainder when 117204667 is divided by 22?
19
Calculate the remainder when 5078077 is divided by 40.
37
Calculate the remainder when 2341688 is divided by 1170489.
710
What is the remainder when 253187 is divided by 83?
37
What is the remainder when 51529 is divided by 24?
1
What is the remainder when 74596 is divided by 18629?
80
Calculate the remainder when 131193 is divided by 1797.
12
Calculate the remainder when 4870121 is divided by 487012.
1
What is the remainder when 41229 is divided by 3439?
3400
Calculate the remainder when 1437606 is divided by 3351.
27
What is the remainder when 3382032 is divided by 114?
108
Calculate the remainder when 371030 is divided by 123673.
11
Calculate the remainder when 2484881 is divided by 637.
581
Calculate the remainder when 473705 is divided by 60.
5
What is the remainder when 841924 is divided by 4?
0
What is the remainder when 2544 is divided by 2179?
365
What is the remainder when 351316 is divided by 9259?
8733
Calculate the remainder when 653144 is divided by 176.
8
What is the remainder when 709388 is divided by 354596?
196
Calculate the remainder when 615143 is divided by 16625.
18
What is the remainder when 14481086 is divided by 7176?
7094
What is the remainder when 720418 is divided by 8785?
48
Calculate the remainder when 238644 is divided by 1491.
84
Calculate the remainder when 1015739 is divided by 507861.
17
Calculate the remainder when 355810 is divided by 9616.
18
What is the remainder when 17341293 is divided by 333?
318
What is the remainder when 378115 is divided by 188056?
2003
What is the remainder when 654156523 is divided by 644?
643
What is the remainder when 243444670 is divided by 81148223?
1
What is the remainder when 2608533 is divided by 8362?
7951
Calculate the remainder when 2760631 is divided by 3813.
19
Calculate the remainder when 56694589 is divided by 9354.
9349
What is the remainder when 499840 is divided by 99960?
40
Calculate the remainder when 772023 is divided by 132.
87
Calculate the remainder when 75412140 is divided by 9426505.
100
Calculate the remainder when 514547 is divided by 21.
5
Calculate the remainder when 262002 is divided by 64.
50
What is the remainder when 35435637 is divided by 24?
21
What is the remainder when 10588144 is divided by 2653?
21
Calculate the remainder when 458522 is divided by 35257.
181
What is the remainder when 1083539 is divided by 361091?
266
Calculate the remainder when 3230190 is divided by 112.
110
What is the remainder when 1861404 is divided by 186138?
24
Calculate the remainder when 333196 is divided by 5741.
218
Calculate the remainder when 972561 is divided by 88.
73
Calculate the remainder when 1155581 is divided by 28154.
1267
What is the remainder when 140846 is divided by 96?
14
Calculate the remainder when 188427 is divided by 2026.
9
What is the remainder when 52730 is divided by 2514?
2450
What is the remainder when 654140 is divided by 2?
0
What is the remainder when 24150 is divided by 218?
170
What is the remainder when 388377239 is divided by 305?
304
Calculate the remainder when 168956 is divided by 142.
118
What is the remainder when 458931 is divided by 1707?
1455
What is the remainder when 1217841 is divided by 304454?
25
Calculate the remainder when 11499 is divided by 11110.
389
What is the remainder when 5637 is divided by 1383?
105
What is the remainder when 40513 is divided by 1716?
1045
What is the remainder when 771716 is divided by 270?
56
Calculate the remainder when 3062924 is divided by 66585.
14
Calculate the remainder when 465615 is divided by 23280.
15
What is the remainder when 1477179 is divided by 13?
2
What is the remainder when 3864916 is divided by 26839?
100
Calculate the remainder when 225004 is divided by 232.
196
Calculate the remainder when 153054 is divided by 55.
44
What is the remainder when 168422 is divided by 4545?
257
Calculate the remainder when 382732 is divided by 38267.
62
Calculate the remainder when 1613605 is divided by 5722.
1
What is the remainder when 514590 is divided by 2979?
2202
What is the remainder when 58400 is divided by 2264?
1800
What is the remainder when 3014166 is divided by 1004720?
6
What is the remainder when 48373 is divided by 1796?
1677
What is the remainder when 129752 is divided by 6792?
704
What is the remainder when 24212 is divided by 8026?
134
Calculate the remainder when 270278411 is divided by 22.
7
Calculate the remainder when 527407 is divided by 191.
56
Calculate the remainder when 871441 is divided by 1254.
1165
What is the remainder when 1060897 is divided by 209?
13
What is the remainder when 153430753 is divided by 89?
4
What is the remainder when 65411 is divided by 2699?
635
What is the remainder when 136946 is divided by 68468?
10
Calculate the remainder when 182314 is divided by 45203.
1502
Calculate the remainder when 3625866 is divided by 112.
90
Calculate the remainder when 4751993 is divided by 96976.
169
What is the remainder when 305950661 is divided by 8621?
8613
What is the remainder when 1221208 is divided by 28?
16
Calculate the remainder when 4990958 is divided by 24954